{"id":28,"date":"2014-01-02T21:30:48","date_gmt":"2014-01-02T21:30:48","guid":{"rendered":"http:\/\/www.koivuniemi.info\/marko\/?page_id=28"},"modified":"2017-02-11T16:36:13","modified_gmt":"2017-02-11T14:36:13","slug":"cv","status":"publish","type":"page","link":"http:\/\/www.koivuniemi.info\/marko\/cv\/","title":{"rendered":"cv"},"content":{"rendered":"<h4>TY\u00d6KOKEMUS<\/h4>\n<p>1.10.2010 &#8211;<\/p>\n<p>Pohjanmaan Kaluste Oy, tietohallintop\u00e4\u00e4llikk\u00f6<\/p>\n<ul>\n<li>Pohjanmaan Kalusteen sek\u00e4 konsernin muiden yksik\u00f6iden j\u00e4rjestelmien kehitt\u00e4minen, yll\u00e4pito ja kehitysty\u00f6t. P\u00e4\u00e4ty\u00f6v\u00e4linein\u00e4 Qlikview, Crystal Reports, T-Sql.<\/li>\n<\/ul>\n<p>2002-2009, 2017-<\/p>\n<p>Kovettu konsultointi (ent. eRaakkeli), sivutoiminen yritt\u00e4j\u00e4<\/p>\n<ul>\n<li>Mikrotuki, verkkosivu- yms. toimeksiantoja\u00a0ty\u00f6nantajina mm. Neonmedia,<br \/>\nSpenocap, Asuntogalleria, Rajapos Oy, Betaneon Oy,\u00a0TietovalmiS, Cinderella-Sports Inc.<\/li>\n<\/ul>\n<p>22.8.2008 &#8211; 30.9.2010<\/p>\n<p>Pohjanmaan Kaluste Oy, j\u00e4rjestelm\u00e4asiantuntija<\/p>\n<ul>\n<li>Laitteiston ja ohjelmistojen yll\u00e4pitoty\u00f6t.<\/li>\n<\/ul>\n<p>10.12.2007 &#8211; 21.8.2008<\/p>\n<p>Fujitsu Services\/Adecco Finland, k\u00e4ytt\u00f6tukihenkil\u00f6<\/p>\n<ul>\n<li>atk-ongelmien ratkaisu et\u00e4ty\u00f6kaluilla ja ongelmien reititys.<\/li>\n<\/ul>\n<p>25.6.2007 &#8211; 7.12.2007<\/p>\n<p>Sonera Oy, tekninen asiakaspalvelu<\/p>\n<p>3.4.2007 &#8211; 20.5.2007<\/p>\n<p>Jyv\u00e4skyl\u00e4n verotoimisto, tallentaja<\/p>\n<ul>\n<li>Veroilmoituksien k\u00e4sittely.<\/li>\n<\/ul>\n<p>30.10.2005 &#8211; 31.12.2006<\/p>\n<p>Vattenfall Oy, palveluneuvoja<\/p>\n<ul>\n<li>SAP-j\u00e4rjestelm\u00e4n k\u00e4ytt\u00f6 asiakastietojen k\u00e4sittelyss\u00e4.<\/li>\n<\/ul>\n<p>2.6. &#8211; 2.8.2003, 21.6 &#8211; 31.7.2004<\/p>\n<p>Altia Oyj \/Viljateollisuus \/ Koskenkorvan tehdas<\/p>\n<ul>\n<li>Tekniikan assistentin lomittaja<\/li>\n<\/ul>\n<p>1.6. 1999 &#8211;\u00a031.7.2001, 1.10. 2001 &#8211; 30.4.2002<\/p>\n<p><a href=\"http:\/\/www.painovalmis.fi\/\">PainovalmiS Oy<\/a>, IT-koordinaattori<\/p>\n<ul>\n<li>ATK-yll\u00e4pito (Linux, MacOS, Windows)<\/li>\n<li>ATK-kehitys (mm. samba-tiedostopalvelin ja verkkokehitys)<\/li>\n<li>WWW-kehitys (html, ASP, JavaScript)<\/li>\n<li>Useita ty\u00f6jaksoja;\n<ul>\n<li>1.5. &#8211; 31.8.1999, kes\u00e4ty\u00f6,<\/li>\n<li>6.9.1999 &#8211; 31.5.2000 osa-aikaty\u00f6,<\/li>\n<li>1.6. &#8211; 30.9.2000, kes\u00e4ty\u00f6<\/li>\n<li>1.10.2000 &#8211; 30.4.2001, osa-aikaty\u00f6<\/li>\n<li>1.5.2001 &#8211; 31.7.2001. kes\u00e4ty\u00f6<\/li>\n<li>1.10.2001 &#8211; 30.4.2002 ,osa-aikaty\u00f6<\/li>\n<\/ul>\n<\/li>\n<li>Ty\u00f6suhde p\u00e4\u00e4ttyi PainovalmiS Oy:n hakeuduttua konkurssiin kev\u00e4\u00e4ll\u00e4 2002.<\/li>\n<\/ul>\n<p>2002 &#8211; 2003<\/p>\n<p>ShopMagazine -ilmaisjakelulehti<\/p>\n<ul>\n<li>Toimituksellinen ty\u00f6 (juttu &amp; kuvaus)<\/li>\n<\/ul>\n<p>2000 &#8211; 2001<\/p>\n<p>Keski-Suomen Asuntoneuvos -lehti<\/p>\n<ul>\n<li>Toimituksellinen ty\u00f6 (juttu &amp; kuvaus)<\/li>\n<li>Taitto<\/li>\n<\/ul>\n<p>6.8. &#8211; 17.9.2001, 10.7. &#8211; 30.9.2002<\/p>\n<p>Loviisan voimalaitos \/<a href=\"http:\/\/www.kolumbus.fi\/cleantec\/\">Cleantec<br \/>\nOy<\/a><\/p>\n<ul>\n<li>Dekontaminointi valvotulla alueella Loviisan ydinvoimalassa.<\/li>\n<\/ul>\n<p>4.5 &#8211; 31.8. 1998<\/p>\n<p>Primalco Viljateollisuus, Koskenkorvan teollisuusyksikk\u00f6, t\u00e4rkkelys-<br \/>\nja rehuosasto.<\/p>\n<ul>\n<li>prosessinohjaajaharjoittelija<\/li>\n<\/ul>\n<p>22.5 &#8211; 31.7. 1997<\/p>\n<p>Primalco Viljateollisuus, Koskenkorvan teollisuusyksikk\u00f6, t\u00e4rkkelys-<br \/>\nja rehuosasto.<\/p>\n<p>22.7 &#8211; 31.8. 1996<\/p>\n<p>Primalco Viljateollisuus, Koskenkorvan teollisuusyksikk\u00f6<\/p>\n<ul>\n<li>Ty\u00f6skentely\u00e4 tietokoneiden parissa<\/li>\n<li>Rahtikirjojen teko<\/li>\n<li>Porttivahdin ty\u00f6<\/li>\n<\/ul>\n<p>11. 7. 1995 &#8211; 5.3. 1996<\/p>\n<p>Pohjois-Suomen Viestipataljoona, Oulu<\/p>\n<p>My\u00f6s mainoksia on tullut jaeltua.<\/p>\n<h4>KOULUTUS<\/h4>\n<p>23.-27.11.2015<\/p>\n<p>QlikView Designer 11.x, QlikView Developer 11.x -kurssit. &lt;<a href=\"http:\/\/www.qlik.com\/fi-fi\/\">http:\/\/www.qlik.com\/fi-fi\/<\/a>&gt;<\/p>\n<p>6.1.1998\u00a0&#8211;<\/p>\n<p>Jyv\u00e4skyl\u00e4n yliopisto, inform.tekn. tdk<\/p>\n<ul>\n<li>P\u00e4\u00e4aine tietotekniikka, ohjelmistotekniikan linja.<\/li>\n<li>Ensimm\u00e4inen sivuaine matematiikka,<\/li>\n<li>Toinen sivuaine biologia.<\/li>\n<li><a href=\"yo.php\">Suoritetut kurssit<\/a><\/li>\n<\/ul>\n<p>20.8. 1997 &#8211; 6.1.1998<\/p>\n<p>Jyv\u00e4skyl\u00e4n Ammattikorkeakoulu<\/p>\n<ul>\n<li>tietojenk\u00e4sittelyn koulutusohjelma<\/li>\n<li><a href=\"amk.php\">Suoritetut kurssit<\/a><\/li>\n<\/ul>\n<p>16.8 1992 &#8211; 30.5.1995<\/p>\n<p>Ilmajoen lukio<\/p>\n<ul>\n<li>reaali: L<\/li>\n<li>matematiikka (laaja): M<\/li>\n<li>\u00e4idinkieli: M<\/li>\n<li>ruotsi: M<\/li>\n<li>englanti: C<\/li>\n<\/ul>\n<h4>KIELITAITO<\/h4>\n<p>\u00c4idinkieleni suomen lis\u00e4ksi englanti sujuu kohtuullisen hyvin, ymm\u00e4rt\u00e4minen on sujuvampaa kuin kieliopillisesti korrektin tekstin tuottaminen, toinen kotimainen eli ruotsi sujuu keskinkertaisesti. Saksaa hallitsen auttavasti.<\/p>\n<h4>TIETOKONETAIDOT<\/h4>\n<p>Kymmensormij\u00e4rjestelm\u00e4 kiitett\u00e4v\u00e4.<\/p>\n<p>Mikrotukea olen opiskellut ja tehnyt ty\u00f6kseni, olen k\u00e4ytt\u00e4nyt tietokoneita pienest\u00e4 pit\u00e4en ja osaan hallita useita k\u00e4ytt\u00f6j\u00e4rjestelmi\u00e4 kuten<br \/>\nDOS, Windows 3x\/9x\/NT\/2000\/XP\/Vista\/7\/8.1\/10 \u2013ymp\u00e4rist\u00f6t sek\u00e4 MacOS-j\u00e4rjestelm\u00e4t (Classic OS, OS X). Linux-tiet\u00e4myst\u00e4 ei koskaan ole tarpeeksi, eniten olen k\u00e4ytt\u00e4nyt Debian-pohjaista Ubuntua sek\u00e4 Redhatin\/Fedoran jakeluversioita.<\/p>\n<p>Yll\u00e4pidon lis\u00e4ksi hallitsen laitteistojen kokoamisen ja testauksen sek\u00e4 l\u00e4hiverkon perustekniikat. Olen mm. rakentanut l\u00e4hiverkon, koonnut osista ja asentanut koko viestint\u00e4alan yrityksen mac ja pc-koneille, sek\u00e4 linux-tiedosto\/tulostus\/s\u00e4hk\u00f6postipalvelimille. Tietokoneiden huoltotoimenpiteet onnistuvat, mik\u00e4li kolvausta ei tarvita &#8211; kolvaustaitoni<br \/>\nriitt\u00e4v\u00e4t vain oman koneeni korjailuun. Osaan mielest\u00e4ni my\u00f6s kuunnella ihmisi\u00e4 heid\u00e4n tietokoneongelmissaan ja neuvoa ja opastaa.<\/p>\n<p>Sovellustasolla hallitsen hyvin Office-sovellukset, kuten Excel, Word, Powerpoint ym. sek\u00e4 Openoffice\/Libreoffice. Graafisen alan ty\u00f6kalut ovat tulleet tutuksi ty\u00f6n ohessa; Adobe Acrobat, Freehand, PageMaker, Photoshop yms. HTML-sivustojen yll\u00e4pidossa k\u00e4yt\u00e4n graafisia editoreja (Dreamweaver, Frontpage, Bluegriffon,) sek\u00e4 tekstieditoria, sill\u00e4 osaan www-sivustojen yleiset merkkauskielet (HTML\/XHTML, CSS) sek\u00e4 skriptikielten (JavaScript, VBScript, PHP, Perl) perusteet. K\u00e4ytt\u00f6kokemusta on my\u00f6s Lotus Notes 4.6 ja SAP R\/3 -ohjelmistoista.<\/p>\n<p>Ohjelmointitaitoni on p\u00e4\u00e4asiassa C\/C++ -kieleen ja Javaan perustuva. Lis\u00e4ksi hajanaista, l\u00e4hinn\u00e4 auttavaa, taitoa minulla on Basic, Pascal, SDL ja Fortran \u2013kielist\u00e4 sek\u00e4 Delphi-sovelluskehittimest\u00e4.<\/p>\n<p>Olennaiset kurssit taitoihini liittyen::<\/p>\n<ul type=\"circle\">\n<li>Ohjelmistotuotanto (4ov)<\/li>\n<li>Ohjelmistojen testaus ja laadunvarmistus (3 ov)<\/li>\n<li>Ohjelmistojen yll\u00e4pito (3 ov)<\/li>\n<li>Ohjelmistojen suunnittelumenetelm\u00e4t ja -ty\u00f6kalut (2ov)<\/li>\n<li>Ohjelmistoprojektin vaiheet ja OMT++ suunnittelumenetelm\u00e4 (4ov)<\/li>\n<li>Graafisten k\u00e4ytt\u00f6liittymien ohjelmointi (4ov)<\/li>\n<li>Sovellusprojekti (7ov)<\/li>\n<li>QlikView Developer \/ Desginer -kurssit.<\/li>\n<\/ul>\n<h4>HARRASTUKSET<\/h4>\n<p>Kirjallisuuden, tietokoneiden, joukkueurheilun ja elokuvien lis\u00e4ksi yhdistystoiminta.<\/p>\n<h4>MUUTA TIETOA<\/h4>\n<p>Ik\u00e4 40\u00a0vuotta<br \/>\nAvoliitossa ja 2 lasta.<br \/>\nArmeija P-SVP, Oulu<\/p>\n<ul>\n<li>10.7.1995 &#8211; 5.3.1996<\/li>\n<li>AIV-mies<\/li>\n<\/ul>\n<p>Ajokortti BEC sek\u00e4 oma auto<br \/>\nKotisivu: <a href=\"http:\/\/marko.koivuniemi.info\"> http:\/\/marko.koivuniemi.info\/<\/a><\/p>\n","protected":false},"excerpt":{"rendered":"<p>TY\u00d6KOKEMUS 1.10.2010 &#8211; Pohjanmaan Kaluste Oy, tietohallintop\u00e4\u00e4llikk\u00f6 Pohjanmaan Kalusteen sek\u00e4 konsernin muiden yksik\u00f6iden j\u00e4rjestelmien kehitt\u00e4minen, yll\u00e4pito ja kehitysty\u00f6t. P\u00e4\u00e4ty\u00f6v\u00e4linein\u00e4 Qlikview, Crystal Reports, T-Sql. 2002-2009, 2017- Kovettu konsultointi (ent. eRaakkeli), sivutoiminen yritt\u00e4j\u00e4 Mikrotuki, verkkosivu- yms. toimeksiantoja\u00a0ty\u00f6nantajina mm. Neonmedia, Spenocap, Asuntogalleria, Rajapos Oy, Betaneon Oy,\u00a0TietovalmiS, Cinderella-Sports Inc. 22.8.2008 &#8211; 30.9.2010 Pohjanmaan Kaluste Oy, j\u00e4rjestelm\u00e4asiantuntija Laitteiston ja ohjelmistojen [&hellip;]<\/p>\n","protected":false},"author":1,"featured_media":0,"parent":0,"menu_order":0,"comment_status":"closed","ping_status":"closed","template":"","meta":{"footnotes":""},"class_list":["post-28","page","type-page","status-publish","hentry"],"_links":{"self":[{"href":"http:\/\/www.koivuniemi.info\/marko\/wp-json\/wp\/v2\/pages\/28","targetHints":{"allow":["GET"]}}],"collection":[{"href":"http:\/\/www.koivuniemi.info\/marko\/wp-json\/wp\/v2\/pages"}],"about":[{"href":"http:\/\/www.koivuniemi.info\/marko\/wp-json\/wp\/v2\/types\/page"}],"author":[{"embeddable":true,"href":"http:\/\/www.koivuniemi.info\/marko\/wp-json\/wp\/v2\/users\/1"}],"replies":[{"embeddable":true,"href":"http:\/\/www.koivuniemi.info\/marko\/wp-json\/wp\/v2\/comments?post=28"}],"version-history":[{"count":7,"href":"http:\/\/www.koivuniemi.info\/marko\/wp-json\/wp\/v2\/pages\/28\/revisions"}],"predecessor-version":[{"id":76,"href":"http:\/\/www.koivuniemi.info\/marko\/wp-json\/wp\/v2\/pages\/28\/revisions\/76"}],"wp:attachment":[{"href":"http:\/\/www.koivuniemi.info\/marko\/wp-json\/wp\/v2\/media?parent=28"}],"curies":[{"name":"wp","href":"https:\/\/api.w.org\/{rel}","templated":true}]}}